{"id":34,"date":"2026-04-05T20:04:53","date_gmt":"2026-04-05T18:04:53","guid":{"rendered":"https:\/\/www.turforeningen.dk\/?page_id=34"},"modified":"2026-04-30T22:30:18","modified_gmt":"2026-04-30T20:30:18","slug":"bestyrelsen","status":"publish","type":"page","link":"https:\/\/www.turforeningen.dk\/index.php\/bestyrelsen\/","title":{"rendered":"Bestyrelsen"},"content":{"rendered":"<div id=\"pl-34\"  class=\"panel-layout\" ><div id=\"pg-34-0\"  class=\"panel-grid panel-no-style\" ><div id=\"pgc-34-0-0\"  class=\"panel-grid-cell\" ><div id=\"panel-34-0-0-0\" class=\"so-panel widget widget_sow-editor panel-first-child panel-last-child\" data-index=\"0\" ><div\n\t\t\t\n\t\t\tclass=\"so-widget-sow-editor so-widget-sow-editor-base\"\n\t\t\t\n\t\t>\n<div class=\"siteorigin-widget-tinymce textwidget\">\n\t<div class=\"kommende\">Kommende arrangementer <i class=\"fas fa-arrow-alt-circle-down \" ><\/i><\/div>\n<div class=\"pt-cv-wrapper\">\n<div class=\"pt-cv-view pt-cv-scrollable pt-cv-colsys\" id=\"pt-cv-view-72eba92tid\">\n<div data-id=\"pt-cv-page-1\" class=\"pt-cv-page\" data-cvc=\"1\">\n<div id=\"ebba0b2f8z\" class=\"pt-cv-carousel pt-cv-slide\" data-ride=\"cvcarousel\" data-interval=false>\n<div class=\"carousel-inner\">\n<div class=\"item active\">\n<div class=\"row\">\n<div class=\"col-md-12 pt-cv-content-item pt-cv-1-col\" ><a href=\"https:\/\/www.turforeningen.dk\/index.php\/2026\/04\/30\/erimitageslottet\/\" class=\"_self pt-cv-href-thumbnail pt-cv-thumb-default\" target=\"_self\" ><img loading=\"lazy\" decoding=\"async\" width=\"300\" height=\"150\" src=\"https:\/\/www.turforeningen.dk\/wp-content\/uploads\/2026\/04\/erimitagefeatured-300x150.jpg\" class=\"pt-cv-thumbnail\" alt=\"\" srcset=\"https:\/\/www.turforeningen.dk\/wp-content\/uploads\/2026\/04\/erimitagefeatured-300x150.jpg 300w, https:\/\/www.turforeningen.dk\/wp-content\/uploads\/2026\/04\/erimitagefeatured-1024x512.jpg 1024w, https:\/\/www.turforeningen.dk\/wp-content\/uploads\/2026\/04\/erimitagefeatured-768x384.jpg 768w, https:\/\/www.turforeningen.dk\/wp-content\/uploads\/2026\/04\/erimitagefeatured.jpg 1500w\" sizes=\"auto, (max-width: 300px) 100vw, 300px\" \/><\/a><\/p>\n<div class=\"pt-cv-carousel-caption pt-cv-cap-w-img\">\n<h4 class=\"pt-cv-title\"><a href=\"https:\/\/www.turforeningen.dk\/index.php\/2026\/04\/30\/erimitageslottet\/\" class=\"_self\" target=\"_self\" >ERIMITAGESLOTTET<\/a><\/h4>\n<div class=\"pt-cv-content\">\n<div class=\"pt-cv-rmwrap\"><a href=\"https:\/\/www.turforeningen.dk\/index.php\/2026\/04\/30\/erimitageslottet\/\" class=\"_self pt-cv-readmore btn btn-success\" target=\"_self\">L\u00e6s Mere<\/a><\/div>\n<\/div>\n<\/div>\n<\/div>\n<\/div>\n<\/div>\n<\/div>\n<\/div>\n<\/div>\n<\/div>\n<\/div>\n<\/div>\n<\/div><\/div><\/div><\/div><div id=\"pg-34-1\"  class=\"panel-grid panel-no-style\" ><div id=\"pgc-34-1-0\"  class=\"panel-grid-cell\" ><div id=\"panel-34-1-0-0\" class=\"so-panel widget widget_sow-editor panel-first-child panel-last-child\" data-index=\"1\" ><div\n\t\t\t\n\t\t\tclass=\"so-widget-sow-editor so-widget-sow-editor-base\"\n\t\t\t\n\t\t>\n<div class=\"siteorigin-widget-tinymce textwidget\">\n\t<div class=\"entry-title2\">NORDSJ\u00c6LLAND TURFORENING BESTYRELSE<\/div>\n<\/div>\n<\/div><\/div><\/div><\/div><div id=\"pg-34-2\"  class=\"panel-grid panel-has-style\" ><div class=\"panel-row-style panel-row-style-for-34-2\" ><div id=\"pgc-34-2-0\"  class=\"panel-grid-cell\" ><div id=\"panel-34-2-0-0\" class=\"so-panel widget widget_sow-editor panel-first-child panel-last-child\" data-index=\"2\" ><div class=\"bestm panel-widget-style panel-widget-style-for-34-2-0-0\" ><div\n\t\t\t\n\t\t\tclass=\"so-widget-sow-editor so-widget-sow-editor-base\"\n\t\t\t\n\t\t>\n<div class=\"siteorigin-widget-tinymce textwidget\">\n\t<div class=\"profibest-wrap\">\n<div class=\"profibestdiv\">\n<div class=\"profibest-content-group\"><img decoding=\"async\" class=\"profibest-img\" src=\"https:\/\/www.turforeningen.dk\/wp-content\/uploads\/2026\/04\/ingerlise-300x300.jpg\" alt=\"Ingerlise Jensen\" \/><\/p>\n<div class=\"profibest-text-area\"><strong>Ingerlise Jensen<\/strong><br \/>\nFormand<\/div>\n<\/div>\n<p><video class=\"profibest-video\" preload=\"auto\" loop=\"loop\" muted=\"\" width=\"300\" height=\"150\"><source src=\"https:\/\/www.turforeningen.dk\/wp-content\/uploads\/2026\/04\/pushups.mp4\" type=\"video\/mp4\" \/><\/video><\/p>\n<\/div>\n<\/div>\n<\/div>\n<\/div><\/div><\/div><\/div><div id=\"pgc-34-2-1\"  class=\"panel-grid-cell\" ><div id=\"panel-34-2-1-0\" class=\"so-panel widget widget_sow-editor panel-first-child panel-last-child\" data-index=\"3\" ><div class=\"bestm panel-widget-style panel-widget-style-for-34-2-1-0\" ><div\n\t\t\t\n\t\t\tclass=\"so-widget-sow-editor so-widget-sow-editor-base\"\n\t\t\t\n\t\t>\n<div class=\"siteorigin-widget-tinymce textwidget\">\n\t<div class=\"profibest-wrap\">\n<div class=\"profibestdiv\">\n<div class=\"profibest-content-group\">\n            <img decoding=\"async\" src=\"https:\/\/www.turforeningen.dk\/wp-content\/uploads\/2026\/04\/jette-300x300.jpg\" class=\"profibest-img\" alt=\"Jette Yvon Holst\"\/><\/p>\n<div class=\"profibest-text-area\">\n                <strong>Jette Yvon Holst<\/strong><br \/>\n                <span>Kasserer<\/span>\n            <\/div>\n<\/p><\/div>\n<p>        <video class=\"profibest-video\" loop muted playsinline preload=\"auto\"><source src=\"https:\/\/www.turforeningen.dk\/wp-content\/uploads\/2026\/04\/chinup.mp4\" type=\"video\/mp4\"\/><\/video>\n    <\/div>\n<\/div>\n<\/div>\n<\/div><\/div><\/div><\/div><div id=\"pgc-34-2-2\"  class=\"panel-grid-cell\" ><div id=\"panel-34-2-2-0\" class=\"so-panel widget widget_sow-editor panel-first-child panel-last-child\" data-index=\"4\" ><div class=\"bestm panel-widget-style panel-widget-style-for-34-2-2-0\" ><div\n\t\t\t\n\t\t\tclass=\"so-widget-sow-editor so-widget-sow-editor-base\"\n\t\t\t\n\t\t>\n<div class=\"siteorigin-widget-tinymce textwidget\">\n\t<p><img loading=\"lazy\" decoding=\"async\" class=\"aligncenter wp-image-932 size-full\" src=\"https:\/\/www.turforeningen.dk\/wp-content\/uploads\/2026\/04\/blankboard.png\" alt=\"\" width=\"300\" height=\"296\" \/><\/p>\n<\/div>\n<\/div><\/div><\/div><\/div><div id=\"pgc-34-2-3\"  class=\"panel-grid-cell\" ><div id=\"panel-34-2-3-0\" class=\"so-panel widget widget_sow-editor panel-first-child panel-last-child\" data-index=\"5\" ><div class=\"bestm panel-widget-style panel-widget-style-for-34-2-3-0\" ><div\n\t\t\t\n\t\t\tclass=\"so-widget-sow-editor so-widget-sow-editor-base\"\n\t\t\t\n\t\t>\n<div class=\"siteorigin-widget-tinymce textwidget\">\n\t<p><img loading=\"lazy\" decoding=\"async\" class=\"aligncenter wp-image-932 size-full\" src=\"https:\/\/www.turforeningen.dk\/wp-content\/uploads\/2026\/04\/blankboard.png\" alt=\"\" width=\"300\" height=\"296\" \/><\/p>\n<\/div>\n<\/div><\/div><\/div><\/div><div id=\"pgc-34-2-4\"  class=\"panel-grid-cell\" ><div id=\"panel-34-2-4-0\" class=\"so-panel widget widget_sow-editor panel-first-child panel-last-child\" data-index=\"6\" ><div class=\"bestm panel-widget-style panel-widget-style-for-34-2-4-0\" ><div\n\t\t\t\n\t\t\tclass=\"so-widget-sow-editor so-widget-sow-editor-base\"\n\t\t\t\n\t\t>\n<div class=\"siteorigin-widget-tinymce textwidget\">\n\t<p><img loading=\"lazy\" decoding=\"async\" class=\"aligncenter wp-image-932 size-full\" src=\"https:\/\/www.turforeningen.dk\/wp-content\/uploads\/2026\/04\/blankboard.png\" alt=\"\" width=\"300\" height=\"296\" \/><\/p>\n<\/div>\n<\/div><\/div><\/div><\/div><\/div><\/div><div id=\"pg-34-3\"  class=\"panel-grid panel-no-style\" ><div id=\"pgc-34-3-0\"  class=\"panel-grid-cell\" ><div id=\"panel-34-3-0-0\" class=\"so-panel widget widget_sow-editor panel-first-child panel-last-child\" data-index=\"7\" ><div\n\t\t\t\n\t\t\tclass=\"so-widget-sow-editor so-widget-sow-editor-base\"\n\t\t\t\n\t\t>\n<div class=\"siteorigin-widget-tinymce textwidget\">\n\t<div class=\"custom-divider-header\">\n    <span class=\"divider-text\">GENERALFORSAMLING REFERAT, 2026.<\/span>\n<\/div>\n<\/div>\n<\/div><\/div><\/div><\/div><div id=\"pg-34-4\"  class=\"panel-grid panel-no-style\" ><div id=\"pgc-34-4-0\"  class=\"panel-grid-cell\" ><div id=\"panel-34-4-0-0\" class=\"so-panel widget widget_sow-editor panel-first-child panel-last-child\" data-index=\"8\" ><div class=\"memberthx panel-widget-style panel-widget-style-for-34-4-0-0\" ><div\n\t\t\t\n\t\t\tclass=\"so-widget-sow-editor so-widget-sow-editor-base\"\n\t\t\t\n\t\t>\n<div class=\"siteorigin-widget-tinymce textwidget\">\n\t<p>S\u00f8ndag den 22. marts 2026, pr\u00e6cis klokken 13:00, slog <b data-path-to-node=\"4\" data-index-in-node=\"54\">Borgerkroen i Strandgade<\/b> d\u00f8rene op for Nordsj\u00e6lland Turforenings \u00e5rlige demokratiske h\u00f8jdepunkt. Omgivet af Helsing\u00f8rs historiske vingesus og duften af god frokost, var 11 kampklare og forventningsfulde medlemmer m\u00f8dt frem for at tage temperaturen p\u00e5 foreningens ve og vel.<\/p>\n<hr style=\"width: 20%; border: 0; border-top: 1px solid #ddd; margin-left: 0; margin-right: auto; margin-top: 20px; margin-bottom: 20px\"\/>\n<strong>1. Valg af dirigent: Manden med overblikket<\/strong><br \/>\nSom det f\u00f8rste punkt p\u00e5 dagsordenen skulle der v\u00e6lges en styrmand til at navigere os sikkert gennem m\u00f8dets punkter. Valget faldt p\u00e5 <b>Steffen Henrik Riiskj\u00e6r<\/b>. Med rutineret h\u00e5nd og et skarpt blik i vedt\u00e6gterne kunne Steffen hurtigt konstatere, at indkaldelsen var landet i medlemmernes postkasser (fysiske s\u00e5vel som digitale) i s\u00e5 god tid, at selv de mest punktlige ikke kunne s\u00e6tte en finger p\u00e5 det. Forsamlingen var dermed lovligt varslet og beslutningsdygtig.<\/p>\n<hr style=\"width: 20%; border: 0; border-top: 1px solid #ddd; margin-left: 0; margin-right: auto; margin-top: 20px; margin-bottom: 20px\"\/>\n<strong>2. Formandens beretning: Hackere, hovsa-l\u00f8sninger og herlige udflugter<\/strong><br \/>\nFormanden indtog gulvet med en beretning, der b\u00f8d p\u00e5 b\u00e5de digitale tordenbyger og solskin p\u00e5 landevejen.<\/p>\n<ul>\n<li><b>Det digitale drama<\/b><br \/>\nDer blev lyttet intenst, da formanden berettede om \u00e5rets helt store udfordring: Hjemmesiden. I en sag, der bedst kan beskrives som \"kompleks\" (og en kende utilgivelig), havde One.com \u2013 af uforklarlige \u00e5rsager \u2013 ladet en medarbejder rode i maskinrummet p\u00e5 vores side. For at beskytte medlemmernes f\u00f8lsomme oplysninger mod dette uventede \"indside-job\", s\u00e5 bestyrelsen ingen anden udvej end at tr\u00e6kke stikket og lukke siden midlertidigt. Vi lader os dog ikke kue af teknisk rod!<\/li>\n<li><b>Livet p\u00e5 tur<\/b><br \/>\nDa de digitale skyer havde lagt sig, rettede formanden blikket mod det, vi er her for: Turene! Der blev mindet om \u00e5rets udflugter, hvor f\u00e6llesskabet og de gode oplevelser i det nordsj\u00e6llandske landskab igen var i h\u00f8js\u00e6det. Det blev bekr\u00e6ftet, at foreningens sande hjerte banker bedst, n\u00e5r vi er p\u00e5 farten sammen.<\/li>\n<\/ul>\n<hr style=\"width: 20%; border: 0; border-top: 1px solid #ddd; margin-left: 0; margin-right: auto; margin-top: 20px; margin-bottom: 20px\"\/>\n<strong>3. Regnskab: Orden i penalhuset<\/strong><br \/>\nKassereren kunne pr\u00e6sentere et regnskab, der var lige s\u00e5 gennemsigtigt som en nypudset forrude. Der var ingen rysten p\u00e5 h\u00e6nderne hos de fremm\u00f8dte, og da sp\u00f8rgerunden var slut, blev regnskabet godkendt med akklamation og enstemmighed. Foreningens \u00f8konomi er med andre ord i de bedste h\u00e6nder.<\/p>\n<hr style=\"width: 20%; border: 0; border-top: 1px solid #ddd; margin-left: 0; margin-right: auto; margin-top: 20px; margin-bottom: 20px\"\/>\n<strong>4. Indkomne forslag: Den store stilhed<\/strong><br \/>\nDet var tydeligt, at medlemmerne entn er yderst tilfredse, eller ogs\u00e5 har brugt energien p\u00e5 at nyde for\u00e5ret. Der var nemlig ikke indsendt s\u00e5 meget som et eneste forslag til behandling. En sj\u00e6lden, men k\u00e6rkommen fred i det demokratiske maskinrum.<\/p>\n<hr style=\"width: 20%; border: 0; border-top: 1px solid #ddd; margin-left: 0; margin-right: auto; margin-top: 20px; margin-bottom: 20px\"\/>\n<strong>5. Afslutning: Tak for god ro og orden<\/strong><br \/>\nDirigenten, Steffen Henrik Riiskj\u00e6r, kunne herefter erkl\u00e6re m\u00f8det for afsluttet. Han takkede forsamlingen for den eksemplariske ro og orden, der havde hersket i den lille time p\u00e5 kroen.<br \/>\nHerefter overgik forsamlingen til det uformelle samv\u00e6r, hvor de uforklarlige h\u00e6ndelser hos One.com og planerne for de kommende ture blev vendt over en kop kaffe\/en \u00f8l.<\/p>\n<\/div>\n<\/div><\/div><\/div><\/div><\/div><div id=\"pg-34-5\"  class=\"panel-grid panel-no-style\" ><div id=\"pgc-34-5-0\"  class=\"panel-grid-cell\" ><div id=\"panel-34-5-0-0\" class=\"so-panel widget widget_sow-editor panel-first-child panel-last-child\" data-index=\"9\" ><div\n\t\t\t\n\t\t\tclass=\"so-widget-sow-editor so-widget-sow-editor-base\"\n\t\t\t\n\t\t>\n<div class=\"siteorigin-widget-tinymce textwidget\">\n\t<div class=\"custom-divider-header\">\n    <span class=\"divider-text\">NORDSJ\u00c6LLAND TURFORENINGS VEDT\u00c6GTER.<\/span>\n<\/div>\n<\/div>\n<\/div><\/div><\/div><\/div><div id=\"pg-34-6\"  class=\"panel-grid panel-no-style\" ><div id=\"pgc-34-6-0\"  class=\"panel-grid-cell\" ><div id=\"panel-34-6-0-0\" class=\"so-panel widget widget_sow-editor panel-first-child panel-last-child\" data-index=\"10\" ><div class=\"bemember panel-widget-style panel-widget-style-for-34-6-0-0\" ><div\n\t\t\t\n\t\t\tclass=\"so-widget-sow-editor so-widget-sow-editor-base\"\n\t\t\t\n\t\t>\n<div class=\"siteorigin-widget-tinymce textwidget\">\n\t<p><strong>\u00a71<\/strong><br \/>\nForeningens navn NORDSJ\u00c6LLAND TURFORENING , Sporegangen 12, 3000 Helsing\u00f8r.<\/p>\n<p><strong>\u00a72<\/strong><br \/>\nForm\u00e5l at arrangerer ture til alle medlemmer af foreningen 60 + til sev\u00e6rdigheder i Danmark evt. udlandet.<\/p>\n<p><strong>\u00a73<\/strong><br \/>\nForeningens start er den 1.Januar 2015 og best\u00e5r af udelukkende frivillig medhj\u00e6lp.<\/p>\n<p>Bestyrelsen skal best\u00e5 af mindst 2 medlemmer:<\/p>\n<p>Formand der ogs\u00e5 kan v\u00e6re kasserer samt et menigt bestyrelsesmedlem. Bestyrelsen er p\u00e5 valg hvert 2. \u00e5r. Ud over bestyrelsen er der tilsluttet frivillige guider der deltager p\u00e5 de enkelte udflugter.<\/p>\n<p><strong>\u00a74<\/strong><br \/>\nAdgang til at blive medlem har alle 60 \u00e5r + og det \u00e5rlige kontingent er kr. 150,00, hvilket\u00a0 d\u00e6kker diverse administrative omkostninger. De enkelte ture betales ved tilmelding.<br \/>\nAlle ture foreg\u00e5r fra Helsing\u00f8r med bus, og denne vil v\u00e6re indregnet i turprisen. Ved ture hvor vi benytter de offentlige transport (dsb,movia eller anden udbyder) er transport for egen regning til bestemmelsesstedet.<\/p>\n<p><strong>\u00a75<\/strong><br \/>\nAnmodning om medlemskab rettes til bestyrelsen og hver ans\u00f8ger der godkendes modtager et medlemsbevis.<\/p>\n<p><strong>\u00a76<\/strong><br \/>\nAlle medlemmer opgiver Fulde navn, Adresse, Postnummer F\u00f8dselsdato, Telefon og E-mail.<\/p>\n<p><strong>\u00a77<\/strong><br \/>\nS\u00e5fremt et medlem ikke indbetaler kontingent rettidigt, slettes vedkomnes medlemsskab automatisk,\u00a0 og kan herefter ikke deltage i planlagte ture til medlemspris.<\/p>\n<p><strong>\u00a78<\/strong><br \/>\nDer afholdes generalforsamling hvert \u00e5r inden udgangen af Marts m\u00e5ned.<\/p>\n<p><strong>\u00a79<\/strong><br \/>\nForeningen tegnes af formanden og kassereren hver for sig. Dette betyder at kassereren har r\u00e5deret over kassebeholdningen til brug for betaling af diverse udgifter.<\/p>\n<\/div>\n<\/div><\/div><\/div><\/div><\/div><\/div>","protected":false},"excerpt":{"rendered":"<p>Kommende arrangementer NORDSJ\u00c6LLAND TURFORENING BESTYRELSE<\/p>\n","protected":false},"author":1,"featured_media":0,"parent":0,"menu_order":0,"comment_status":"closed","ping_status":"closed","template":"","meta":{"_acf_changed":false,"footnotes":""},"class_list":["post-34","page","type-page","status-publish"],"acf":[],"yoast_head":"<!-- This site is optimized with the Yoast SEO plugin v27.5 - https:\/\/yoast.com\/product\/yoast-seo-wordpress\/ -->\n<title>Bestyrelsen - Nordsj\u00e6lland Turforening Bestyrelsen og vedt\u00e6gter | Nordsj\u00e6lland Turforening<\/title>\n<meta name=\"description\" content=\"M\u00f8d bestyrelsen i Nordsj\u00e6lland Turforening. Se vores vedt\u00e6gter og referat fra generalforsamlingen 2026 p\u00e5 Borgerkroen i Helsing\u00f8r her\" \/>\n<meta name=\"robots\" content=\"index, follow, max-snippet:-1, max-image-preview:large, max-video-preview:-1\" \/>\n<link rel=\"canonical\" href=\"https:\/\/www.turforeningen.dk\/index.php\/bestyrelsen\/\" \/>\n<meta property=\"og:locale\" content=\"da_DK\" \/>\n<meta property=\"og:type\" content=\"article\" \/>\n<meta property=\"og:title\" content=\"Bestyrelsen - Nordsj\u00e6lland Turforening Bestyrelsen og vedt\u00e6gter | Nordsj\u00e6lland Turforening\" \/>\n<meta property=\"og:description\" content=\"M\u00f8d bestyrelsen i Nordsj\u00e6lland Turforening. Se vores vedt\u00e6gter og referat fra generalforsamlingen 2026 p\u00e5 Borgerkroen i Helsing\u00f8r her\" \/>\n<meta property=\"og:url\" content=\"https:\/\/www.turforeningen.dk\/index.php\/bestyrelsen\/\" \/>\n<meta property=\"og:site_name\" content=\"Nordsj\u00e6lland Turforening\" \/>\n<meta property=\"article:publisher\" content=\"https:\/\/www.facebook.com\/nordsjaellandturforening\" \/>\n<meta property=\"article:modified_time\" content=\"2026-04-30T20:30:18+00:00\" \/>\n<meta property=\"og:image\" content=\"https:\/\/www.turforeningen.dk\/wp-content\/uploads\/2026\/04\/erimitagefeatured-300x150.jpg\" \/>\n<meta name=\"twitter:card\" content=\"summary_large_image\" \/>\n<meta name=\"twitter:label1\" content=\"Estimeret l\u00e6setid\" \/>\n\t<meta name=\"twitter:data1\" content=\"6 minutter\" \/>\n<script type=\"application\/ld+json\" class=\"yoast-schema-graph\">{\"@context\":\"https:\\\/\\\/schema.org\",\"@graph\":[{\"@type\":\"WebPage\",\"@id\":\"https:\\\/\\\/www.turforeningen.dk\\\/index.php\\\/bestyrelsen\\\/\",\"url\":\"https:\\\/\\\/www.turforeningen.dk\\\/index.php\\\/bestyrelsen\\\/\",\"name\":\"Bestyrelsen - Nordsj\u00e6lland Turforening Bestyrelsen og vedt\u00e6gter | Nordsj\u00e6lland Turforening\",\"isPartOf\":{\"@id\":\"https:\\\/\\\/www.turforeningen.dk\\\/#website\"},\"primaryImageOfPage\":{\"@id\":\"https:\\\/\\\/www.turforeningen.dk\\\/index.php\\\/bestyrelsen\\\/#primaryimage\"},\"image\":{\"@id\":\"https:\\\/\\\/www.turforeningen.dk\\\/index.php\\\/bestyrelsen\\\/#primaryimage\"},\"thumbnailUrl\":\"https:\\\/\\\/www.turforeningen.dk\\\/wp-content\\\/uploads\\\/2026\\\/04\\\/erimitagefeatured-300x150.jpg\",\"datePublished\":\"2026-04-05T18:04:53+00:00\",\"dateModified\":\"2026-04-30T20:30:18+00:00\",\"description\":\"M\u00f8d bestyrelsen i Nordsj\u00e6lland Turforening. Se vores vedt\u00e6gter og referat fra generalforsamlingen 2026 p\u00e5 Borgerkroen i Helsing\u00f8r her\",\"breadcrumb\":{\"@id\":\"https:\\\/\\\/www.turforeningen.dk\\\/index.php\\\/bestyrelsen\\\/#breadcrumb\"},\"inLanguage\":\"da-DK\",\"potentialAction\":[{\"@type\":\"ReadAction\",\"target\":[\"https:\\\/\\\/www.turforeningen.dk\\\/index.php\\\/bestyrelsen\\\/\"]}]},{\"@type\":\"ImageObject\",\"inLanguage\":\"da-DK\",\"@id\":\"https:\\\/\\\/www.turforeningen.dk\\\/index.php\\\/bestyrelsen\\\/#primaryimage\",\"url\":\"https:\\\/\\\/www.turforeningen.dk\\\/wp-content\\\/uploads\\\/2026\\\/04\\\/erimitagefeatured.jpg\",\"contentUrl\":\"https:\\\/\\\/www.turforeningen.dk\\\/wp-content\\\/uploads\\\/2026\\\/04\\\/erimitagefeatured.jpg\",\"width\":1500,\"height\":750},{\"@type\":\"BreadcrumbList\",\"@id\":\"https:\\\/\\\/www.turforeningen.dk\\\/index.php\\\/bestyrelsen\\\/#breadcrumb\",\"itemListElement\":[{\"@type\":\"ListItem\",\"position\":1,\"name\":\"Hjem\",\"item\":\"https:\\\/\\\/www.turforeningen.dk\\\/\"},{\"@type\":\"ListItem\",\"position\":2,\"name\":\"Bestyrelsen\"}]},{\"@type\":\"WebSite\",\"@id\":\"https:\\\/\\\/www.turforeningen.dk\\\/#website\",\"url\":\"https:\\\/\\\/www.turforeningen.dk\\\/\",\"name\":\"Nordsj\u00e6lland Turforening\",\"description\":\"\",\"publisher\":{\"@id\":\"https:\\\/\\\/www.turforeningen.dk\\\/#organization\"},\"potentialAction\":[{\"@type\":\"SearchAction\",\"target\":{\"@type\":\"EntryPoint\",\"urlTemplate\":\"https:\\\/\\\/www.turforeningen.dk\\\/?s={search_term_string}\"},\"query-input\":{\"@type\":\"PropertyValueSpecification\",\"valueRequired\":true,\"valueName\":\"search_term_string\"}}],\"inLanguage\":\"da-DK\"},{\"@type\":\"Organization\",\"@id\":\"https:\\\/\\\/www.turforeningen.dk\\\/#organization\",\"name\":\"Nordsj\u00e6lland Turforening\",\"url\":\"https:\\\/\\\/www.turforeningen.dk\\\/\",\"logo\":{\"@type\":\"ImageObject\",\"inLanguage\":\"da-DK\",\"@id\":\"https:\\\/\\\/www.turforeningen.dk\\\/#\\\/schema\\\/logo\\\/image\\\/\",\"url\":\"https:\\\/\\\/www.turforeningen.dk\\\/wp-content\\\/uploads\\\/2026\\\/04\\\/footerlogo-1.png\",\"contentUrl\":\"https:\\\/\\\/www.turforeningen.dk\\\/wp-content\\\/uploads\\\/2026\\\/04\\\/footerlogo-1.png\",\"width\":764,\"height\":188,\"caption\":\"Nordsj\u00e6lland Turforening\"},\"image\":{\"@id\":\"https:\\\/\\\/www.turforeningen.dk\\\/#\\\/schema\\\/logo\\\/image\\\/\"},\"sameAs\":[\"https:\\\/\\\/www.facebook.com\\\/nordsjaellandturforening\"]}]}<\/script>\n<!-- \/ Yoast SEO plugin. -->","yoast_head_json":{"title":"Bestyrelsen - Nordsj\u00e6lland Turforening Bestyrelsen og vedt\u00e6gter | Nordsj\u00e6lland Turforening","description":"M\u00f8d bestyrelsen i Nordsj\u00e6lland Turforening. Se vores vedt\u00e6gter og referat fra generalforsamlingen 2026 p\u00e5 Borgerkroen i Helsing\u00f8r her","robots":{"index":"index","follow":"follow","max-snippet":"max-snippet:-1","max-image-preview":"max-image-preview:large","max-video-preview":"max-video-preview:-1"},"canonical":"https:\/\/www.turforeningen.dk\/index.php\/bestyrelsen\/","og_locale":"da_DK","og_type":"article","og_title":"Bestyrelsen - Nordsj\u00e6lland Turforening Bestyrelsen og vedt\u00e6gter | Nordsj\u00e6lland Turforening","og_description":"M\u00f8d bestyrelsen i Nordsj\u00e6lland Turforening. Se vores vedt\u00e6gter og referat fra generalforsamlingen 2026 p\u00e5 Borgerkroen i Helsing\u00f8r her","og_url":"https:\/\/www.turforeningen.dk\/index.php\/bestyrelsen\/","og_site_name":"Nordsj\u00e6lland Turforening","article_publisher":"https:\/\/www.facebook.com\/nordsjaellandturforening","article_modified_time":"2026-04-30T20:30:18+00:00","og_image":[{"url":"https:\/\/www.turforeningen.dk\/wp-content\/uploads\/2026\/04\/erimitagefeatured-300x150.jpg","type":"","width":"","height":""}],"twitter_card":"summary_large_image","twitter_misc":{"Estimeret l\u00e6setid":"6 minutter"},"schema":{"@context":"https:\/\/schema.org","@graph":[{"@type":"WebPage","@id":"https:\/\/www.turforeningen.dk\/index.php\/bestyrelsen\/","url":"https:\/\/www.turforeningen.dk\/index.php\/bestyrelsen\/","name":"Bestyrelsen - Nordsj\u00e6lland Turforening Bestyrelsen og vedt\u00e6gter | Nordsj\u00e6lland Turforening","isPartOf":{"@id":"https:\/\/www.turforeningen.dk\/#website"},"primaryImageOfPage":{"@id":"https:\/\/www.turforeningen.dk\/index.php\/bestyrelsen\/#primaryimage"},"image":{"@id":"https:\/\/www.turforeningen.dk\/index.php\/bestyrelsen\/#primaryimage"},"thumbnailUrl":"https:\/\/www.turforeningen.dk\/wp-content\/uploads\/2026\/04\/erimitagefeatured-300x150.jpg","datePublished":"2026-04-05T18:04:53+00:00","dateModified":"2026-04-30T20:30:18+00:00","description":"M\u00f8d bestyrelsen i Nordsj\u00e6lland Turforening. Se vores vedt\u00e6gter og referat fra generalforsamlingen 2026 p\u00e5 Borgerkroen i Helsing\u00f8r her","breadcrumb":{"@id":"https:\/\/www.turforeningen.dk\/index.php\/bestyrelsen\/#breadcrumb"},"inLanguage":"da-DK","potentialAction":[{"@type":"ReadAction","target":["https:\/\/www.turforeningen.dk\/index.php\/bestyrelsen\/"]}]},{"@type":"ImageObject","inLanguage":"da-DK","@id":"https:\/\/www.turforeningen.dk\/index.php\/bestyrelsen\/#primaryimage","url":"https:\/\/www.turforeningen.dk\/wp-content\/uploads\/2026\/04\/erimitagefeatured.jpg","contentUrl":"https:\/\/www.turforeningen.dk\/wp-content\/uploads\/2026\/04\/erimitagefeatured.jpg","width":1500,"height":750},{"@type":"BreadcrumbList","@id":"https:\/\/www.turforeningen.dk\/index.php\/bestyrelsen\/#breadcrumb","itemListElement":[{"@type":"ListItem","position":1,"name":"Hjem","item":"https:\/\/www.turforeningen.dk\/"},{"@type":"ListItem","position":2,"name":"Bestyrelsen"}]},{"@type":"WebSite","@id":"https:\/\/www.turforeningen.dk\/#website","url":"https:\/\/www.turforeningen.dk\/","name":"Nordsj\u00e6lland Turforening","description":"","publisher":{"@id":"https:\/\/www.turforeningen.dk\/#organization"},"potentialAction":[{"@type":"SearchAction","target":{"@type":"EntryPoint","urlTemplate":"https:\/\/www.turforeningen.dk\/?s={search_term_string}"},"query-input":{"@type":"PropertyValueSpecification","valueRequired":true,"valueName":"search_term_string"}}],"inLanguage":"da-DK"},{"@type":"Organization","@id":"https:\/\/www.turforeningen.dk\/#organization","name":"Nordsj\u00e6lland Turforening","url":"https:\/\/www.turforeningen.dk\/","logo":{"@type":"ImageObject","inLanguage":"da-DK","@id":"https:\/\/www.turforeningen.dk\/#\/schema\/logo\/image\/","url":"https:\/\/www.turforeningen.dk\/wp-content\/uploads\/2026\/04\/footerlogo-1.png","contentUrl":"https:\/\/www.turforeningen.dk\/wp-content\/uploads\/2026\/04\/footerlogo-1.png","width":764,"height":188,"caption":"Nordsj\u00e6lland Turforening"},"image":{"@id":"https:\/\/www.turforeningen.dk\/#\/schema\/logo\/image\/"},"sameAs":["https:\/\/www.facebook.com\/nordsjaellandturforening"]}]}},"rttpg_featured_image_url":null,"rttpg_author":{"display_name":"Lars","author_link":"https:\/\/www.turforeningen.dk\/index.php\/author\/lars\/"},"rttpg_comment":0,"rttpg_category":null,"rttpg_excerpt":"Kommende arrangementer NORDSJ\u00c6LLAND TURFORENING BESTYRELSE","_links":{"self":[{"href":"https:\/\/www.turforeningen.dk\/index.php\/wp-json\/wp\/v2\/pages\/34","targetHints":{"allow":["GET"]}}],"collection":[{"href":"https:\/\/www.turforeningen.dk\/index.php\/wp-json\/wp\/v2\/pages"}],"about":[{"href":"https:\/\/www.turforeningen.dk\/index.php\/wp-json\/wp\/v2\/types\/page"}],"author":[{"embeddable":true,"href":"https:\/\/www.turforeningen.dk\/index.php\/wp-json\/wp\/v2\/users\/1"}],"replies":[{"embeddable":true,"href":"https:\/\/www.turforeningen.dk\/index.php\/wp-json\/wp\/v2\/comments?post=34"}],"version-history":[{"count":77,"href":"https:\/\/www.turforeningen.dk\/index.php\/wp-json\/wp\/v2\/pages\/34\/revisions"}],"predecessor-version":[{"id":1683,"href":"https:\/\/www.turforeningen.dk\/index.php\/wp-json\/wp\/v2\/pages\/34\/revisions\/1683"}],"wp:attachment":[{"href":"https:\/\/www.turforeningen.dk\/index.php\/wp-json\/wp\/v2\/media?parent=34"}],"curies":[{"name":"wp","href":"https:\/\/api.w.org\/{rel}","templated":true}]}}